True
Is 2849339 a composite number?
False
Is 292421 prime?
False
Is 184309 prime?
True
Is 2459 composite?
False
Is 80299 composite?
True
Is 13093 composite?
False
Is 46471 composite?
False
Is 5177 a composite number?
True
Is 48847 composite?
False
Is 168599 a composite number?
False
Is 721883 prime?
True
Is 2939 composite?
False
Is 1657 composite?
False
Is 123701 prime?
True
Is 267829 composite?
False
Is 209 prime?
False
Is 197887 prime?
True
Is 16921 prime?
True
Is 56645 a prime number?
False
Is 1639 a prime number?
False
Is 1765 prime?
False
Is 2159 composite?
True
Is 824079 prime?
False
Is 13102 composite?
True
Is 15231 a prime number?
False
Is 339361 composite?
True
Is 2110201 composite?
True
Is 48431 a composite number?
True
Is 749 prime?
False
Is 11269 prime?
False
Is 54133 a composite number?
False
Is 55859 composite?
True
Is 279779 composite?
False
Is 779477 prime?
True
Is 109097 prime?
True
Is 165287 composite?
False
Is 1201929 a composite number?
True
Is 168011 a prime number?
False
Is 32681 a prime number?
False
Is 149623 a composite number?
False
Is 5847 a composite number?
True
Is 88129 composite?
False
Is 19739 prime?
True
Is 653063 a composite number?
True
Is 3407 prime?
True
Is 1334917 a prime number?
False
Is 457333 a composite number?
False
Is 284777 composite?
False
Is 803171 prime?
True
Is 2671 composite?
False
Is 546827 prime?
False
Is 233 composite?
False
Is 1818919 composite?
False
Is 16843 a composite number?
False
Is 103589 a prime number?
False
Is 40217 prime?
False
Is 620507 a prime number?
True
Is 10801 a prime number?
False
Is 3109 a composite number?
False
Is 127258 a composite number?
True
Is 170537 prime?
True
Is 29819 a composite number?
False
Is 16519 a composite number?
False
Is 702623 a prime number?
True
Is 3602 prime?
False
Is 423199 a prime number?
False
Is 44753 a prime number?
True
Is 863279 a prime number?
True
Is 183961 a prime number?
False
Is 23957 composite?
False
Is 507769 a composite number?
True
Is 2954451 a composite number?
True
Is 379273 a prime number?
True
Is 47185 composite?
True
Is 7081 prime?
False
Is 63449 a composite number?
True
Is 669577 composite?
False
Is 18754 a prime number?
False
Is 407545 composite?
True
Is 552649 prime?
True
Is 1688399 composite?
True
Is 42243 composite?
True
Is 251 a prime number?
True
Is 26419 a composite number?
True
Is 1103 a composite number?
False
Is 2630527 a prime number?
False
Is 605167 composite?
False
Is 1584059 prime?
True
Is 672677 a composite number?
True
Is 153191 a prime number?
True
Is 106129 composite?
False
Is 15014 composite?
True
Is 36647 prime?
False
Is 514999 a composite number?
True
Is 191303 a composite number?
True
Is 115421 a composite number?
False
Is 58039 prime?
False
Is 5207 prime?
False
Is 32367 a composite number?
True
Is 12962 a prime number?
False
Is 69109 composite?
False
Is 358373 a composite number?
False
Is 739 prime?
True
Is 1360397 a prime number?
False
Is 1262023 a prime number?
False
Is 11579 a prime number?
True
Is 18947 a prime number?
True
Is 216967 prime?
True
Is 69887 a prime number?
False
Is 431 composite?
False
Is 1535 composite?
True
Is 5346479 a composite number?
False
Is 104035 composite?
True
Is 5793 a prime number?
False
Is 156763 a composite number?
True
Is 56591 composite?
False
Is 70289 prime?
True
Is 6121 prime?
True
Is 15403 prime?
False
Is 16729 composite?
False
Is 785053 composite?
False
Is 110179 composite?
True
Is 328439 prime?
True
Is 1058419 a composite number?
False
Is 663721 a composite number?
True
Is 14567 a prime number?
False
Is 111019 prime?
False
Is 231313 a prime number?
False
Is 1499 a prime number?
True
Is 325453 prime?
True
Is 51461 prime?
True
Is 40693 composite?
False
Is 4618 a composite number?
True
Is 25151 composite?
True
Is 2741 composite?
False
Is 16243 composite?
True
Is 197705 prime?
False
Is 45157 prime?
False
Is 95099 prime?
False
Is 374774 composite?
True
Is 3749 composite?
True
Is 65677 a composite number?
False
Is 20431 prime?
True
Is 265945 a prime number?
False
Is 183589 a composite number?
True
Is 25013 a composite number?
False
Is 35942 a prime number?
False
Is 5911 a composite number?
True
Is 2039 a composite number?
False
Is 3433 a composite number?
False
Is 387599 prime?
False
Is 66529 a composite number?
False
Is 68729 a prime number?
True
Is 61169 prime?
True
Is 46573 a prime number?
True
Is 1015834 a prime number?
False
Is 409 prime?
True
Is 5437 a composite number?
False
Is 39089 a composite number?
False
Is 25841 a prime number?
True
Is 83091 composite?
True
Is 148661 a composite number?
True
Is 45697 a composite number?
False
Is 233131 prime?
False
Is 296315 composite?
True
Is 55613 prime?
False
Is 1538 a composite number?
True
Is 61379 composite?
False
Is 74489 a composite number?
False
Is 61859 prime?
False
Is 374053 a composite number?
True
Is 11707 a prime number?
False
Is 4083 prime?
False
Is 54155 composite?
True
Is 2761 a composite number?
True
Is 229667 prime?
False
Is 87983 a composite number?
True
Is 4997 composite?
True
Is 1835 a composite number?
True
Is 3209 a composite number?
False
Is 28309 a prime number?
True
Is 5099 a composite number?
False
Is 143951 a prime number?
False
Is 99863 prime?
False
Is 8009 prime?
True
Is 5903 prime?
True
Is 78977 a composite number?
False
Is 25157 a prime number?
False
Is 281821 composite?
True
Is 11002 a composite number?
True
Is 1480793 composite?
False
Is 496051 composite?
False
Is 137499 composite?
True
Is 13331 composite?
False
Is 26167 composite?
True
Is 26842 prime?
False
Is 894601 a composite number?
True
Is 1181099 prime?
True
Is 451357 prime?
False
Is 507289 prime?
True
Is 13535 prime?
False
Is 2118641 a prime number?
False
Is 30851 a composite number?
False
Is 1311643 prime?
True
Is 222773 a prime number?
True
Is 4341 a prime number?
False
Is 3631 prime?
True
Is 476429 prime?
True
Is 4741 prime?
False
Is 1325105 a composite number?
True
Is 5513 prime?
False
Is 516757 composite?
False
Is 124481 a prime number?
False
Is 4741 a composite number?
True
Is 10085 prime?
False
Is 23737 a composite number?
True
Is 462827 prime?
True
Is 48103 composite?
True
Is 129791 prime?
False
Is 114707 a prime number?
False
Is 177 a prime number?
False
Is 372719 a prime number?
True
Is 11821 prime?
True
Is 28415 a composite number?
True
Is 2417 prime?
True
Is 30106 composite?
True
Is 299239 prime?
True
Is 13817 a composite number?
True
Is 3869 a prime number?
False
Is 14891 a prime number?
True
Is 28313 composite?
True
Is 71579 composite?
True
Is 331391 a prime number?
True
Is 3787 a composite number?
True
Is 252897 prime?
False
Is 72817 composite?
False
Is 493567 a prime number?
True
Is 3299 a composite number?
False
Is 33661 composite?
True
Is 280759 composite?
False
Is 103319 composite?
False
Is 11435 prime?
False
Is 10651 prime?
True
Is 578339 composite?
True
Is 266797 a prime number?
True
Is 122182 a composite number?
True
Is 1397 a composite number?
True
Is 124633 a composite number?
False
Is 33169 prime?
False
Is 78497 a prime number?
True
Is 223 a prime number?
True
Is 3413 a prime number?
True
Is 53839 a prime number?
False
Is 181253 a composite number?
False
Is 886589 composite?
True
Is 902333 a prime number?
True
Is 457267 composite?
False
Is 474337 a composite number?
False
Is 119501 composite?
True
Is 93371 prime?
True
Is 608035 a prime number?
False
Is 363509 prime?
False
Is 82757 prime?
True
Is 62657 a composite number?
True
Is 19003 prime?
False
Is 10211 a prime number?
True
Is 2498019 prime?
False
Is 8857 prime?
False
Is 32749 a composite number?
False
Is 1701709 a prime number?
True
Is 194471 a prime number?
True
Is 13649 composite?
False
Is 1591 prime?
False
Is 84629 a composite number?
False
Is 1713689 a prime number?
True
Is 7463 prime?
False
Is 135715 composite?
True
Is 16811 a composite number?
False
Is 251281 a composite number?
True
Is 98507 a prime number?
True
Is 30947 prime?
False
Is 408923 a composite number?
False
Is 9199 a prime number?
True
Is 14503 composite?
False
Is 515 prime?
False
Is 41009 a prime number?
False
Is 26141 prime?
True
Is 5879 composite?
False
Is 8499 a prime number?
False
Is 36989 prime?
False
Is 9327 a prime number?
False
Is 350627 composite?
True
Is 41161 a prime 